et s(o) be the first derivative of -2*o**3/3 - 7*o**2/2 + 8*o - 101. Determine s(-6).
-22
Let a = 9 - 7. Suppose -5*q = a*u - 9, -2*u + 7 = 2*u - q. Suppose -2*z = 5*h - 15, -u*h - 1 = -3*z - 7. Let s(o) = -o - 2. Give s(z).
-2
Let l(g) = -12 - 2 - 3*g + 7 + 2 + 7. What is l(5)?
-13
Let f(w) = -10*w - 4. Suppose 2*h + 45 = 4*x + 59, 0 = 5*h - x - 17. Give f(h).
-34
Let n(t) = t**3 - 6*t**2 - 2*t - 1. Let f(g) = 7*g + 2 - 9*g + 12 + 0*g. Let h be f(4). Give n(h).
-13
Let d be (55/10)/(1/6). Suppose 8 - d = -5*f. Let p(b) = -3*b - 7. Let a(i) = -4*i - 7. Let x(o) = 6*a(o) - 7*p(o). Give x(f).
-8
Suppose 17 + 3 = 5*n. Let p(o) = 4*o**3 + n*o**2 + 5*o - 7 + o**3 - 6*o**3. Suppose 0 = -2*u, l - 4*u - 3 - 2 = 0. Calculate p(l).
-7
Let i(k) be the third derivative of k**6/120 + 2*k**5/15 + 5*k**4/24 - k**3 - 512*k**2. Suppose 0 = 2*c - 0*c + 14. Calculate i(c).
8
Let s = -79 + 72. Let v(b) be the first derivative of 1/4*b**4 - 7/2*b**2 + 2*b + 6 + 2*b**3. What is v(s)?
2
Let r = 52 - 49. Let z(a) = r + 5*a - 4*a - 2*a. Give z(6).
-3
Let t(z) be the first derivative of 1/3*z**3 - 7*z + 2*z**2 - 1. Determine t(-5).
-2
Let v(t) = -3*t + 21. Let y be v(6). Let b(f) = 2*f**3 - 5*f**2 + f + 4. What is b(y)?
16
Let r(f) = -6*f + 98. Let v be r(13). Suppose -3*h = -4*i + 3*i + 4, i - 4*h = 0. Let k(u) = i*u - 4*u**2 + v*u - 35*u. Give k(-1).
-5
Let p(y) be the first derivative of 1/2*y**2 - 18*y - 5. Determine p(8).
-10
Let g(k) = k**3 + 4*k**2 - 2*k + 19. Let d be 6 - (44/(-24))/(7/(-42)). Calculate g(d).
4
Let r(g) be the second derivative of 0 + 1/2*g**2 + 8*g + 2*g**3. Determine r(1).
13
Let q(o) = 16*o**2 - 3*o + 4. Let b(w) = 43*w**2 - 8*w + 11. Let g(l) = 3*b(l) - 8*q(l). Determine g(1).
2
Let a(d) = d**3 - 3*d**2 - 4*d + 5. Let t(g) = g**2 - 8*g + 12. Let z be t(6). Suppose o - 5*o + 16 = z. Determine a(o).
5
Let o(l) = -l**2 + 7*l - 4. Let a be o(6). Let p(u) = 4 + 7*u - 2 - a - 1. Calculate p(-1).
-8
Let y(h) = h + 3. Let d(j) = -j - 15. Let a be 1/(-1)*(-2 - -22). Let w be d(a). Give y(w).
8
Suppose -30*w + 13*w - 136 = 0. Let f(x) = 2*x**2 + 15*x + 1. Give f(w).
9
Let k(u) = -2*u - 16. Suppose -q + p = 2*p + 8, q - 5*p = 4. Give k(q).
-4
Suppose 3*b + f = -59, 0 = -0*f + 2*f + 10. Let d = -16 - b. Suppose 15*i + d = 17*i. Let w(p) = 2*p. Give w(i).
2
Let y(d) = -d + 4. Let s = 203 - 203. Give y(s).
4
Let b = 12 + -12. Suppose 2*c - c - 2*w - 2 = 0, 4*c - 4*w + 4 = b. Let r(v) = -2 - 3*v + v - v**3 + v - 4*v**2. Calculate r(c).
2
Let g = -25 + 154. Suppose -2*d = -137 + g. Let q(m) = m**3 - 4*m**2 - 4*m + 6. What is q(d)?
-10
Let m(l) = -l**2 - 9*l + 4. Let k(t) = 5*t**2 - 10. Let d be k(0). Give m(d).
-6
Let q(y) = y**3 + 7*y**2 + 6*y - 2. Let r = 188 - 193. Determine q(r).
18
Let j(c) = 490 - c**2 + 6*c - 984 + 497. What is j(8)?
-13
Suppose 2*y = -3*q + 6*q - 16, 0 = 4*q + 2*y + 2. Let z(p) be the second derivative of -2*p**3/3 + 3*p**2/2 + 11*p. Calculate z(q).
-5
Let i(m) be the second derivative of 1/2*m**2 + 0 - 1/3*m**3 + 6*m. Let n be (1/1)/((-6)/(-12)). What is i(n)?
-3
Let x(y) = -18 + 2*y + 4 - 3*y - 3. Let k = -16 - -16. Calculate x(k).
-17
Let m(a) = a**2 + 7*a + 9. Let q(h) = -6 - 14*h - 2*h**2 + 3 - 14. Let c(k) = -7*m(k) - 4*q(k). Determine c(-6).
-1
Let o be ((-35)/350)/((-1)/10). Let k(a) = -16*a**3 + 1. Calculate k(o).
-15
Let l(d) be the third derivative of 0*d**3 + 0 - 7*d**2 + 1/60*d**5 + 0*d + 1/12*d**4. Suppose -3*v - 24 = 3*h, 5*h + 0*h + 28 = -v. Give l(v).
3
Suppose 10*t - 3*a - 10 = 9*t, -4*a - 9 = 3*t. Let c(v) = 2*v**2 + 2*v - 1. What is c(t)?
3
Let d(b) be the second derivative of b**6/720 + b**5/24 + 23*b**4/12 - 11*b. Let y(k) be the third derivative of d(k). What is y(-4)?
1
Let f(z) = 5*z**3 - 3*z**2 - 9*z - 1. Let k(x) = 14*x**3 - 7*x**2 - 26*x - 1. Let g(j) = -11*f(j) + 4*k(j). Calculate g(-6).
1
Let y(s) be the third derivative of -s**3 + 0*s - 15*s**2 + 0 - 1/12*s**4. Give y(-4).
2
Let f = -3 - -6. Let o(a) = 11*a**2 + f*a + a**3 - 13*a + 3*a + 8 - 6*a**2. Calculate o(-6).
14
Suppose -5*w + 32 = -4*w. Let t = w - 36. Let h(s) = s**3 + 3*s**2 + s + 3. Determine h(t).
-17
Let l(i) = -i + 1. Let c(o) = -o**3 - 2*o**2 - 2*o + 3. Let q(r) = c(r) - 4*l(r). What is q(-3)?
2
Let m(b) = b**2 - 5*b - 9. Let h be 25/(-10)*(-12)/15. Suppose 0 = -h*l + 57 - 43. Give m(l).
5
Let q(i) = -7*i + 5. Suppose 18*c - 9*c = 36. Calculate q(c).
-23
Let k(y) be the first derivative of 3/2*y**2 - 2 + 9*y. Let f be 70/28*(2 + 44/(-10)). What is k(f)?
-9
Let z = -11 - -19. Suppose 4*t = z*t - 8. Let g(a) = t*a**2 - a + a**3 + 3*a**2 - 2*a**3. Calculate g(4).
12
Let a(o) = -5*o**3 + 16*o**2 - 12*o - 5. Let c(m) = -4*m**3 + 14*m**2 - 11*m - 4. Let d(b) = -5*a(b) + 6*c(b). Calculate d(-5).
6
Suppose 3*c = -2*x + 22, -5*x + 9 = 3*c - 28. Let l(o) = 5 + x*o + 0 - 7*o. Suppose w - 6 = -0*w. What is l(w)?
-7
Let n(k) = k + 4. Let y(g) = -g**2 + 7*g - 7. Let c be y(2). Suppose 0*v + 2*v = c*u + 16, 3*v = -2*u - 2. What is n(u)?
0
Let w(f) = -f - 1. Let m(v) = -9*v - 7. Let h(t) = -2*m(t) + 22*w(t). What is h(-4)?
8
Let u(d) = -32 - 2 + 4 - 5*d. Calculate u(-7).
5
Let x(c) be the first derivative of 0*c - 4/3*c**3 + 1/24*c**4 + 3/2*c**2 + 2. Let z(r) be the second derivative of x(r). Calculate z(0).
-8
Let d = -29 + 35. Suppose n = -n + d. Suppose 0 = -n*b - z - 11, -z = -0*z - 1. Let l(h) = -h - 2. What is l(b)?
2
Suppose 153 = -9*z + 27. Let u(r) = -r**3 - 14*r**2 - r - 18. What is u(z)?
-4
Let j be 9 + (0 - -1) + 0. Suppose -6*c + j = -c. Let t(d) be the first derivative of -d**3/3 + 3*d**2/2 + d - 14. Give t(c).
3
Let h = 12469 + -12465. Let q(a) be the second derivative of -a**4/6 + a**3 + a. What is q(h)?
-8
Let p(v) = -v**2 + v + 1. Let o(w) = w**3 - 10*w**2 + 10*w + 6. Suppose -n + 1 = -f, n + 9*f = 4*f - 29. Let q(x) = n*p(x) + o(x). Determine q(5).
7
Let f(i) = 5*i**2 - 12*i - 7. Let b(y) = -7*y**2 + 11*y + 7. Let j(q) = -3*b(q) - 4*f(q). What is j(-9)?
-47
Let m(l) = -2*l + 6. Suppose -2*g = 2*u + 2*g, -27 = -4*u + g. Suppose u*b = 32 - 8. Calculate m(b).
-2
Let s = -40 + 45. Let w(t) = -3 - 6*t**3 + 6*t**2 - 3 - s*t + 7*t**3 - 2*t**3. Suppose 5*l - 24 = 1. Calculate w(l).
-6
Let g(f) = f**2 + 20*f - 39. Let u be g(-22). Let l(b) = b**3 - 8*b + 8*b + 0*b + 8*b**2 + u. What is l(-8)?
5
Let r(v) be the third derivative of -18*v**2 + 0*v - 1/2*v**3 + 0 - 1/60*v**5 + 7/24*v**4. Determine r(5).
7
Let a be (-4)/1 + 0*(-5)/25. Let u(h) = -2*h - 6. What is u(a)?
2
Let c(d) = -d**3 + 21*d**2 - 2*d + 34. Let u = -1863 + 1884. Calculate c(u).
-8
Let q be (6 - 6)/(1 - -1). Suppose q*r + 5*r + 5*h = 55, 4*h - 2 = 3*r. Let k(a) = a**3 - 5*a**2 - 5*a - 6. Give k(r).
0
Let b(i) = -48 + 3*i - 3*i + 20 - i + 16. What is b(-8)?
-4
Let c be 0 + -1 - (-10 - -10). Let k(z) = 55*z**2 - 2*z - 1. Calculate k(c).
56
Suppose 16 = -4*q + 6*q. Let f = -14 + q. Let p be 4/f - (-2)/3. Let v(x) = -x + 9. What is v(p)?
9
Suppose 6*v - 2*v - 65 = 3*a, 0 = -4*v + 20. Let y(p) = -p - 10. Let w be y(10). Let m be 4/w + 87/a. Let u(q) = q**3 + 7*q**2 + 6*q + 2. Give u(m).
2
Let s(i) be the third derivative of -i**4/24 - i**2. Let j = -543 + 538. Calculate s(j).
5
Let m(i) be the first derivative of 13*i**4/4 - i**3/3 + i - 604. Give m(-1).
-13
Suppose -2*z + 18 = -2*x, -12 = -z - 2*z. Let u(n) be the first derivative of -2*n**3 + 1 - 7/2*n**2 - 1/4*n**4 - 5*n. Determine u(x).
5
Suppose 1 = -3*p + 5*o - o, 2 = -4*p + 5*o. Let y(w) be the first derivative of 1/4*w**4 + w**2 + 0*w + 3 + 4/3*w**3. Determine y(p).
3
Suppose 2*s - 5*w + 7 = 0, -3*w = 6*s - 2*s + 1. Let b(h) = 8*h**2 + 2*h + 1. Determine b(s).
7
Let b(q) = -8*q - 1. Let h(m) be the second derivative of -m**3/2 + m**2/2 - 18*m. Let f be h(1). Determine b(f).
15
Let v = 2511 - 2509. Let h(q) = -17*q. Give h(v).
-34
Suppose 2*t - 12 = -2*t. Let f(h) = h + 2*h**2 - 3 + 2*h**2 - t*h**2. Let p be 14*((-156)/(-91))/(-6). What is f(p)?
9
Let b(m) = -3*m - 3 + 8 - 4 - 9 + 0. Calculate b(-10).
22
Let z(c) = -3*c + 7. Suppose 5*l - l + 3*g = 39, 2*g - 28 = -3*l. Determine z(l).
-11
Let q(h) be the first derivative of h**2/2 - 2*h - 727. Give q(-1).
-3
Suppose 0 = -2*n - 2 + 36. Let b(v) = -3*v**2 + n*v**3 - 2 + 26*v - 16*v**3 - 26*v. Determine b(3).
-2
Let g(s) = 7*s**2 + 5*s + 5. Let d(v) = v**2. Let f(m) = 6*d(m) 